2, 3
Let w(l) = -34*l - 10. What are the prime factors of w(-17)?
2, 71
Let p = -6 - 1. Let j(t) = -t**2 - 6*t + 12. Let a be j(p). Suppose -4*f - a*x = -196, 5*x - 228 = -5*f + 3*x. What are the prime factors of f?
2, 11
Let g = 21 - 16. Suppose 25 = g*i - 110. Suppose 2*c = i + 5. What are the prime factors of c?
2
Suppose -j - 2*b = -3213, 5*b = -2*j - 0*b + 6425. List the prime factors of j.
5, 643
Suppose -2*r - 3*l = -22, 0 = r - 5*r - 4*l + 36. Suppose 0 = -r*k + 8*k - 27. What are the prime factors of k?
3
Suppose 96 = 5*v + v. Suppose 0 = -v*n + 19*n. Suppose i = 5*d + 41, n = -0*i - 2*i - d + 60. List the prime factors of i.
31
Let q = 711 + -174. List the prime factors of q.
3, 179
Let t(x) = 2*x**2 - 35*x + 32. Let c be t(25). Let r = -221 + c. List the prime factors of r.
2, 3, 31
Suppose -6*y = -4*y - 4*n - 6, y + 2*n = 11. Let f(o) = -o + 31. What are the prime factors of f(y)?
2, 3
Let x(r) be the second derivative of r**4/12 - 2*r**3 + 18*r**2 - 27*r. List the prime factors of x(11).
5
Let y = -167 + 70. Let v = y - -154. List the prime factors of v.
3, 19
Let z(v) be the first derivative of v**4 + v**3 + v**2/2 + 2*v - 4. Let h be z(-2). Let n = -6 - h. What are the prime factors of n?
2, 7
Let j = 2217 - 1861. What are the prime factors of j?
2, 89
Let u = -206 + 313. What are the prime factors of u?
107
Let b be (0 - (-36)/(-2))/(-1). Let u = -17 - b. Let l = u - -60. What are the prime factors of l?
5
Let o be (2/(-5))/((-1)/5). Suppose 3*x + 4 = 4*h + 7, -x - 1 = -2*h. Suppose 9 = -o*r + x*r. What are the prime factors of r?
3
Suppose 83 + 31 = 3*d. Let s = 11 - 26. Let i = d + s. List the prime factors of i.
23
Let o(s) = 7*s - 2. Let r be o(1). Let i(y) = 5*y - 12. Let g be i(r). Suppose -1 = d - g. List the prime factors of d.
2, 3
Let o(x) be the first derivative of x**4/4 - 2*x**3/3 + x**2/2 - 2*x + 1. Let g be o(2). Suppose -13 = -g*k - k. What are the prime factors of k?
13
Let o(j) = -3*j - 16. Let d be o(-10). Suppose 5*g - d = 36. List the prime factors of g.
2, 5
Suppose 4*a + 4*x - 13 + 5 = 0, 4*x = a + 8. Suppose -p + 4 = -a*o + o, 0 = 3*p + 4*o - 10. Suppose p*r - 72 = 2*r. List the prime factors of r.
2, 3
Let j = 511 + 118. List the prime factors of j.
17, 37
Let i = 12 - 7. Suppose 0 = 5*k - 10, -i*k + 13 = -2*h + 69. What are the prime factors of h?
3, 11
Let x(c) = 8*c**2 - 38*c - 27. List the prime factors of x(7).
3, 11
Let z(a) = -a**3 - 13*a**2 - 3*a - 11. Let g be z(-9). Let n be g/(-49) - (-2)/(-7). What are the prime factors of 2 - -17 - (n + -4)?
17
Suppose -5*s = 5*r - 440, -6*r - 2*s = -3*r - 263. Suppose -x - x = j - r, 0 = 3*j + 2*x - 261. What are the prime factors of j?
3, 29
Let y be 4 + 30 + (0 - 1). Suppose c - 6*c = j - 11, -17 = c + 5*j. Suppose 3*i + y = c*p, -3*i = -5*p + i + 51. What are the prime factors of p?
7
Let y(k) = -24*k**3 - 2*k**2 - 2*k - 1. Let w = 11 + -6. Let f = -6 + w. List the prime factors of y(f).
23
Suppose 0 = -3*n - 4*b - 1 + 8, -2*n + 3*b = -16. Suppose l - 28 = -n*i, 7 = -i + 5*l - 3. Suppose 3*h = i*h - 34. List the prime factors of h.
17
Let s = 1308 - 641. List the prime factors of s.
23, 29
Let b(f) = -35*f**3 + 2*f**2 + f. Let t be b(-1). Let a = t + -23. List the prime factors of a.
13
Let p = 197 - 460. Let i = -164 - p. List the prime factors of i.
3, 11
List the prime factors of (-1693)/(-2) - (666/(-36))/37.
7, 11
Let i = -4 - -9. Let n(a) = 2*a - 5. Let j be n(i). Suppose -j*s - 11 + 113 = -r, -s = -2*r - 15. What are the prime factors of s?
3, 7
Suppose 205 + 6527 = 9*t. What are the prime factors of t?
2, 11, 17
Let m = 608 - 80. List the prime factors of m.
2, 3, 11
Let x = 77 + -48. Suppose x + 23 = z. What are the prime factors of z?
2, 13
Let k = -6 - -5. Let c(t) = 31*t**2 + 2*t + 1. Let f be c(k). List the prime factors of f*1/(-12)*-4.
2, 5
Let t be (0 + 316/8)*2. Suppose 16 - t = -7*m. List the prime factors of m.
3
Let c = -19 + 8. Let h(o) = 2*o**2 + 14*o - 6. List the prime factors of h(c).
2, 41
Let n be -1 - (-2 - 2 - 1). Let x be 2600/15 - 2/(-3). Suppose n*i - x = i. What are the prime factors of i?
2, 29
Let w be 3 + (-4)/(-1) - 4. Suppose 2*s = 4*r - 34, 6*r - w*r - 2*s = 24. Suppose r*k - 3*k = 441. List the prime factors of k.
3, 7
Let j = 2995 - -95. What are the prime factors of 2/(-9) - (j/(-54) + -2)?
59
Let b(z) = z**2 + z. Let i be (-4)/(1 + (0 - -1)). Let f be b(i). Let k(u) = 8*u**3 - 2*u**2 - u - 1. What are the prime factors of k(f)?
53
Let w be (-2)/9 - ((-224)/36 - -1). Suppose -22 = -w*b + 8. List the prime factors of b.
2, 3
Let w(x) = -x**3 - 25*x**2 + 26*x + 7. What are the prime factors of w(-29)?
2617
Suppose 0 = -4*g + h - 2*h + 72, 33 = g + 4*h. Suppose -19*d + 34 = -g*d. Let w = 42 - d. List the prime factors of w.
5
Suppose -3*p + 280 = 2*p + u, 4*u = 3*p - 168. Suppose -a = -2*c + 50, p - 256 = 4*a - 3*c. Let f = -13 - a. What are the prime factors of f?
37
Suppose 0 = -c + 3*c - 176. Let t = 11 - c. What are the prime factors of (-1246)/t - (-2)/(-11)?
2
Suppose 0 = 4*u - u - 87. Suppose -u*r = -32*r + 228. List the prime factors of r.
2, 19
Suppose 0 = 5*f - 10*f - 30. Suppose 2*d = -5*r - 152, 103 = -4*d + r - 179. Let n = f - d. What are the prime factors of n?
5, 13
Let a(x) = 4*x - 8. Let b be a(-4). Let w be (2/2)/((-6)/b). Suppose -f + 2*f - 17 = -4*r, -5*r + w*f + 16 = 0. What are the prime factors of r?
2
Let v(z) = 70*z**2 - 5*z + 4. Let n be v(1). Suppose 0 = i - 45 - n. What are the prime factors of i?
2, 3, 19
Suppose 0 = -11*n + 44770 - 4455. List the prime factors of n.
5, 733
Suppose 0 = 3*x + 40 + 17. Let l = 94 + x. What are the prime factors of l?
3, 5
List the prime factors of -7*150/(-9)*(-153)/(-34).
3, 5, 7
Suppose 35*b - 18156 = 12854. List the prime factors of b.
2, 443
Let t = 91 + -87. List the prime factors of -1*((-18)/(12/t))/1.
2, 3
Let p be 906/15 + 3/5. Let j = -23 + p. What are the prime factors of j?
2, 19
Suppose -19 = -6*r - 13. What are the prime factors of (r - -2)*15/18*62?
5, 31
Suppose 26*j - 1352 = 23*j + 2*d, -4*d + 912 = 2*j. List the prime factors of j.
2, 113
Suppose -2*q - 8 - 4 = -3*n, -3*n + 48 = -5*q. Let a be (392/(-32))/(2/8). What are the prime factors of (-2135)/a + q/21?
43
Let r(u) = -20*u - 92. What are the prime factors of r(-19)?
2, 3
Let l = 1054 + -579. What are the prime factors of l?
5, 19
Suppose 3*r - 4*r + 13 = 0. Suppose -3*z + r + 26 = 0. Let j = -5 + z. List the prime factors of j.
2
Let x be -48 - ((-8 - 1) + 7). Let h = -8 - -11. List the prime factors of (-3)/((-132)/x - h).
23
Let h = 158 + 759. What are the prime factors of h?
7, 131
Let l(d) be the first derivative of -d**3/3 + 3*d**2 - 3*d + 5. Let x be l(5). What are the prime factors of (-1)/x*(-51 + 5)?
23
What are the prime factors of 1/(8/(-6) + 8155/6111)?
3, 97
Suppose -37*r + 88198 = r. What are the prime factors of r?
11, 211
List the prime factors of ((-324)/(-21))/(6/126).
2, 3
Suppose 25 = 4*h + 73. Let f = -12 - h. Suppose 0*r + 3*g - 77 = -4*r, r - 2*g - 22 = f. What are the prime factors of r?
2, 5
Let j = 14 + -27. Let q = j - -19. List the prime factors of q.
2, 3
Let n = 377 + -19. What are the prime factors of n?
2, 179
Let f be (-3)/(-2) - 10/(-4). Suppose -5*v + 58 = -f*v. Suppose -4*j + 2 = -v. What are the prime factors of j?
3, 5
List the prime factors of (-2642)/(-5) - (10 - 742/70).
23
Suppose 0 = 5*m - 3*o - 3006 - 538, -3538 = -5*m + o. List the prime factors of m.
7, 101
Suppose v - 5*v + 800 = 2*n, -3*v + n = -610. List the prime factors of v.
2, 101
Let w(x) = -108*x - 366. List the prime factors of w(-7).
2, 3, 5, 13
Suppose 9*z - 7 = -34. What are the prime factors of (-4 - -8) + 249 + z?
2, 5
Suppose -213 = 2*f - 4*w - 87, -3*f - 2*w = 149. Let b = -21 - f. What are the prime factors of b?
2
Let j(x) = 4*x - 5*x - 8*x**3 + 2*x - 2*x - x**2. Let p be j(-2). Suppose -3*w + w = -p. List the prime factors of w.
31
Let w(o) = -6*o + 7. Let b(h) = h. Let r(y) = 5*b(y) + w(y). Let l be r(3). What are the prime factors of (34/l)/(3/18)?
3, 17
Let j(a) = -a**3 - 8*a**2 - 6*a + 1. Let l be j(-6). Let k be 10/l - (-32)/14. Let f = 8 - k. List the prime factors of f.
2, 3
Let a(z) = -5*z - 1. Let j be a(-1). Let m be (-3 - j) + -4 + -1. What are the p